{"id":17,"date":"2017-11-06T13:05:48","date_gmt":"2017-11-06T13:05:48","guid":{"rendered":"https:\/\/atelierelms.com\/research\/?page_id=17"},"modified":"2017-11-15T11:11:24","modified_gmt":"2017-11-15T11:11:24","slug":"curriculum-vitae","status":"publish","type":"page","link":"https:\/\/atelierelms.com\/research\/curriculum-vitae\/","title":{"rendered":"Curriculum vitae"},"content":{"rendered":"\n<table id=\"tablepress-1\" class=\"tablepress tablepress-id-1\">\n<tbody>\n<tr class=\"row-1\">\n\t<td class=\"column-1\"><strong>Education<\/strong><\/td><td class=\"column-2\">2017\u20132021 <strong>Education Sciences PhD candidate<\/strong><br \/>\nLaboratory UR 4671 ADEF. Doctoral school: Cognition, Language, Education,<br \/>\nAix-Marseille Universit\u00e9. <em>Aix-en-Provence, France.<\/em><br \/>\nResearch is focused on understanding the knowledge building and knowledge-in-action patterns in the activity of graphic design students and how these constructs are impacted by digital tools.<br \/>\n<br \/>\n2016\u20132017 <strong>Master of Humanities &amp; Social Sciences in Education, Teaching and Training Professions - Secondary Education<\/strong> (with distinction)<br \/>\nAix-Marseille Universit\u00e9 (Department of Science &amp; Technology: Applied Arts. \u00c9cole sup\u00e9rieure du professorat et de l\u2019\u00e9ducation). <em>Aix-en-Provence, France.<\/em><br \/>\n<br \/>\n2015\u20132016 Atelier national de recherche typographique (ANRT). <em>Nancy, France.<\/em><br \/>\nResearch on stencilled choir books (1650\u20131850) including the construction of a relational database management system.<br \/>\n<br \/>\n2012\u20132013 <strong>Diploma Expert class Type design<\/strong> (with distinction)<br \/>\nPlantin institute of typography (Expert class type design). <em>Antwerp, Belgium.<\/em><br \/>\nWork and research included a revival project based on Jacques Fran\u00e7ois Rosart's Grand Canon Romain and a personal project based on the contrast sort of the pointed nib.<br \/>\n<br \/>\n2010\u20132011 <strong>Master of Arts in Typeface design<\/strong><br \/>\nUniversity of Reading (Department of Typography &amp; Graphic Communication). <em>Reading, England.<\/em><br \/>\nResearch focused on children and typography. Practical work focused on Latin, Hebrew, and Kannada letterforms, glyphs, and type design.<br \/>\n<br \/>\n1996\u20131999 <strong>Dipl\u00f4me national d\u2019arts et techniques (DNAT) <\/strong>(summa cum laude)<br \/>\nInstitut r\u00e9gional d\u2019art visuel de la Martinique (Option graphic design). <em>Martinique, France.<\/em><br \/>\n<br \/>\n1993 <strong>Certificate in Interior Decoration<\/strong><br \/>\nBarbados Community College (Department of Fine Arts). <em>Barbados.<\/em><br \/>\n<br \/>\n1991\u20131993 <strong>A-levels \u2014<\/strong> Majors: Mathematics;\u00a0Physics;\u00a0Geography<br \/>\nOther subjects taken: Accounting; Introduction to Sociology, English and Communication; Ethics &amp; Citizenship, Politics and Caribbean Society<br \/>\nBarbados Community College (Department of Natural Sciences). <em>Barbados.<\/em><br \/>\n<br \/>\n1985\u20131991 <strong>O-levels \u2014<\/strong> Mathematics;\u00a0Physics;\u00a0Geography;\u00a0Technical drawing;<br \/>\nWoods;\u00a0Metals;\u00a0Principles of business;\u00a0English<br \/>\nRoebuck secondary school. <em>Barbados.<\/em><\/td>\n<\/tr>\n<tr class=\"row-2\">\n\t<td class=\"column-1\"><strong>Teaching experience<\/strong><\/td><td class=\"column-2\">2018\u20132020 <strong>Temporary Teaching and Research Associate<\/strong> <br \/>\n- 297 hours of teaching and training of primary and secondary school teachers in the Master of Humanities &amp; Social Sciences in Education, Teaching and Training Professions - Primary and Secondary Education (Science, Technology &amp; Applied arts) graduate course. Course planning, lectures, practical workshops, and student feedback and evaluation. INSP\u00c9 Aix-Marseille Universit\u00e9, Faculty of Science. <em>Aix \/ Marseille, France.<\/em> <br \/>\n- Participation in the development of research in education related to teaching and learning processes in science and technology. Laboratory UR 4671 ADEF. Doctoral school: Cognition, Language, Education, Aix-Marseille Universit\u00e9. <em>Marseille, France.<\/em><br \/>\n<br \/>\nSept. 2019 <strong>Instructor<\/strong><br \/>\n3-day Workshop in Typeface design. The Gentlemen's Press. <em>Singapore.<\/em><br \/>\n<br \/>\n2012\u20132016 <strong>Visiting lecturer<\/strong><br \/>\nCourse planning, lectures, practical workshops, and student feedback and evaluation.<br \/>\nTypography 2nd year. \u00c9cole Intuit Lab. <em>Aix-en-Provence, France.<\/em><br \/>\n<br \/>\nSept. 2015 <strong>Instructor<\/strong><br \/>\n2-day Workshop \u2018Understanding letterforms\u2019. Hyper Island. <em>Karlskrona, Sweden.<\/em><br \/>\n<br \/>\nMarch 2015 <strong>Instructor<\/strong><br \/>\n3-day Workshop in Typeface design. Hong Kong Polytechnic University. <em>Hong Kong.<\/em><br \/>\n<br \/>\n2010 <strong>Part-time teacher<\/strong><br \/>\nIntroduction of a range of artistic concepts and techniques with an emphasis on artistic skills,<br \/>\nbuilding confidence and having fun. With children 5\u20137 years old.<br \/>\nThe ArtSplash Centre. <em>Barbados.<\/em><br \/>\n<br \/>\n2007\u20132010 <strong>Visiting lecturer<\/strong><br \/>\nCourse planning, lectures, practical workshops, and student feedback and evaluation.<br \/>\nTypography &amp; Graphic Design:\u00a02nd year Associate degree<br \/>\nand 1st year Bachelor of Fine Arts (option graphic design).<br \/>\nBarbados Community College. <em>Barbados.<\/em><\/td>\n<\/tr>\n<tr class=\"row-3\">\n\t<td class=\"column-1\"><strong>Professional experience<\/strong><\/td><td class=\"column-2\">Since 2002 <strong>Owner \/ Designer:<\/strong> <em>Elms<br \/>\n<\/em>Conception, creation and execution of two-and-three dimensional projects in all visual communications areas: identity systems, interactive design, exhibition design, print design, concept development, storyboarding, copy writing (radio et television). Artistic direction: on photo shoots and studio recordings. My work also includes writing campaign plans, developing media plans for newspaper, radio and television as well as managing budgets.<br \/>\n<br \/>\n2005-2007 <strong>Visual Merchandiser:<\/strong> <em>Duty Free Caribbean. Barbados.<br \/>\n<\/em>The Caribbean\u2019s largest department store, Cave Shepherd &amp; Harrisons, luxury goods store: created and executed window and in-store displays.<br \/>\n<br \/>\n2006 <strong>Events Decorator:<\/strong> <em>Cave Shepherd Barbados Fashion Week. Barbados.<br \/>\n<\/em>Conceptualized and implemented design of fashion market area of event.<br \/>\n<br \/>\n2004-2005 <strong>Creative Associate:<\/strong> <em>McCann-Erickson World Group. Barbados.<br \/>\n<\/em>Advertising campaigns for Coca-Cola, American Airlines, and other blue-chip clients: concept development, client presentation, copy writing, art direction on photo shoots, execution of final art, press checks \u2026.<br \/>\n<br \/>\n2002-2003 <strong>Graphic Designer:<\/strong> <em>Empreinte Digitale. Martinique, France.<br \/>\n<\/em>Catalogue and billboard poster design for leading hypermarkets: Carrefour &amp; Casino: art direction on photo shoots, conception and execution of product catalogues.<br \/>\n<br \/>\n2001-2002 <strong>Graphic Designer:<\/strong> <em>Madiaplan Cr\u00e9ation. Martinique, France.<br \/>\n<\/em>Conception and execution of cultural projects inclusive of posters, brochures, invitations \u2026.<br \/>\n<br \/>\n2000-2001 <strong>Graphic Designer:<\/strong> <em>S\u00e9rigraphe plus, Imprime plus, Enseigne plus. Martinique, France.<br \/>\n<\/em>Development of logotypes, vehicle graphics, signage graphics \u2026.<br \/>\n<br \/>\n2000 <strong>Graphic Designer:<\/strong> <em>Imprimerie D\u00e9sormeaux. Martinique, France.<br \/>\n<\/em>Layout, imposition \u2026.<br \/>\n<br \/>\n1999 <strong>Events Decorator:<\/strong> <em>Office du Tourisme de Fort-de-France. Martinique, France.<br \/>\n<\/em>Decoration of the city for Christmas and Carnival as well as for special and cultural events.<br \/>\n<br \/>\nSince 1999 <strong>Independent graphic designer<\/strong><br \/>\n<br \/>\n1998 <strong>Trainee art director &amp; graphic designer:<\/strong> <em>Publicara. Martinique, France.<\/em><br \/>\n<br \/>\n1995-1996 <strong>Office Manager:<\/strong> <em>Architectes cubed. Barbados.<br \/>\n<\/em>Bookkeeping, meeting planning, day-to-day management of office, designed library for lawyer office.<\/td>\n<\/tr>\n<tr class=\"row-4\">\n\t<td class=\"column-1\"><strong>Professional associations<\/strong><\/td><td class=\"column-2\">Structure F\u00e9d\u00e9rative d'\u00c9tudes et de Recherches en \u00c9ducation de Provence (SFERE\u2013Provence)<br \/>\nSociety of Typographic Aficionados (SOTA)<br \/>\nDesign Society (DS)<br \/>\nDesign Research Society (DRS)<br \/>\nAssociation Typographique Internationale (ATypI)<br \/>\nAlliance France Design (AFD)<br \/>\n<\/td>\n<\/tr>\n<tr class=\"row-5\">\n\t<td class=\"column-1\"><strong>Reviewing and related work<\/strong><\/td><td class=\"column-2\">- Jury member:<br \/>\n> Degree examination board, \u00c9cole Intuit Lab, <em>Aix-en-Provence, France.<\/em> (2012, 2013, 2014)<br \/>\n> Master's thesis defense (MEEF: SID), \u00c9SP\u00c9 - Aix-Marseille Universit\u00e9, <em>Aix-en-Provence, France.<\/em> (2019)<br \/>\n<br \/>\n- Proofreading of scientific papers in English<br \/>\n<br \/>\n- Reviewer<\/td>\n<\/tr>\n<tr class=\"row-6\">\n\t<td class=\"column-1\"><strong>Exhibitions<\/strong><\/td><td class=\"column-2\">\u2018Inside\/Outside\u2019<br \/>\nExpert classes Type Design and Book Design projects.<br \/>\nPlantin-Moretus Museum, 17 May \u2013 31 August, 2014. <em>Antwerp, Belgium.<\/em><br \/>\n<br \/>\n\u2018Type Masters\u2019<br \/>\nTypefaces from the 2011 graduating master classes at the University of Reading (UK) and the Koninklijke Academie van Beeldende Kunsten (NL).<br \/>\nMota Italic, 26 July \u2013 8 September, 2011. <em>Berlin, Germany.<\/em><br \/>\n<br \/>\n\u2018Bienvenue \u2013 Graphiste autour du monde\u2019<br \/>\nLe mois du graphisme d\u2019\u00c9chirolles, 18 November \u2013 9 December, 2000. <em>\u00c9chirolles, France.<\/em><\/td>\n<\/tr>\n<\/tbody>\n<\/table>\n<!-- #tablepress-1 from cache -->\n","protected":false},"excerpt":{"rendered":"","protected":false},"author":1,"featured_media":0,"parent":0,"menu_order":0,"comment_status":"closed","ping_status":"closed","template":"page-templates\/page_fullwidth.php","meta":[],"yoast_head":"<!-- This site is optimized with the Yoast SEO plugin v15.8 - https:\/\/yoast.com\/wordpress\/plugins\/seo\/ -->\n<title>Curriculum vitae - Blondina Elms Pastel<\/title>\n<meta name=\"robots\" content=\"index, follow, max-snippet:-1, max-image-preview:large, max-video-preview:-1\" \/>\n<link rel=\"canonical\" href=\"https:\/\/atelierelms.com\/research\/curriculum-vitae\/\" \/>\n<meta property=\"og:locale\" content=\"en_US\" \/>\n<meta property=\"og:type\" content=\"article\" \/>\n<meta property=\"og:title\" content=\"Curriculum vitae - Blondina Elms Pastel\" \/>\n<meta property=\"og:url\" content=\"https:\/\/atelierelms.com\/research\/curriculum-vitae\/\" \/>\n<meta property=\"og:site_name\" content=\"Blondina Elms Pastel\" \/>\n<meta property=\"article:modified_time\" content=\"2017-11-15T11:11:24+00:00\" \/>\n<meta property=\"og:image\" content=\"https:\/\/atelierelms.com\/research\/wp-content\/uploads\/2017\/11\/library-1530267.jpg\" \/>\n\t<meta property=\"og:image:width\" content=\"800\" \/>\n\t<meta property=\"og:image:height\" content=\"575\" \/>\n<meta name=\"twitter:card\" content=\"summary\" \/>\n<script type=\"application\/ld+json\" class=\"yoast-schema-graph\">{\"@context\":\"https:\/\/schema.org\",\"@graph\":[{\"@type\":\"WebSite\",\"@id\":\"https:\/\/atelierelms.com\/research\/#website\",\"url\":\"https:\/\/atelierelms.com\/research\/\",\"name\":\"Blondina Elms Pastel\",\"description\":\"PhD candidate in Education Sciences | Aix-Marseille Universit\\u00e9\",\"potentialAction\":[{\"@type\":\"SearchAction\",\"target\":\"https:\/\/atelierelms.com\/research\/?s={search_term_string}\",\"query-input\":\"required name=search_term_string\"}],\"inLanguage\":\"en-US\"},{\"@type\":\"WebPage\",\"@id\":\"https:\/\/atelierelms.com\/research\/curriculum-vitae\/#webpage\",\"url\":\"https:\/\/atelierelms.com\/research\/curriculum-vitae\/\",\"name\":\"Curriculum vitae - Blondina Elms Pastel\",\"isPartOf\":{\"@id\":\"https:\/\/atelierelms.com\/research\/#website\"},\"datePublished\":\"2017-11-06T13:05:48+00:00\",\"dateModified\":\"2017-11-15T11:11:24+00:00\",\"breadcrumb\":{\"@id\":\"https:\/\/atelierelms.com\/research\/curriculum-vitae\/#breadcrumb\"},\"inLanguage\":\"en-US\",\"potentialAction\":[{\"@type\":\"ReadAction\",\"target\":[\"https:\/\/atelierelms.com\/research\/curriculum-vitae\/\"]}]},{\"@type\":\"BreadcrumbList\",\"@id\":\"https:\/\/atelierelms.com\/research\/curriculum-vitae\/#breadcrumb\",\"itemListElement\":[{\"@type\":\"ListItem\",\"position\":1,\"item\":{\"@type\":\"WebPage\",\"@id\":\"https:\/\/atelierelms.com\/research\/\",\"url\":\"https:\/\/atelierelms.com\/research\/\",\"name\":\"Home\"}},{\"@type\":\"ListItem\",\"position\":2,\"item\":{\"@type\":\"WebPage\",\"@id\":\"https:\/\/atelierelms.com\/research\/curriculum-vitae\/\",\"url\":\"https:\/\/atelierelms.com\/research\/curriculum-vitae\/\",\"name\":\"Curriculum vitae\"}}]}]}<\/script>\n<!-- \/ Yoast SEO plugin. -->","_links":{"self":[{"href":"https:\/\/atelierelms.com\/research\/wp-json\/wp\/v2\/pages\/17"}],"collection":[{"href":"https:\/\/atelierelms.com\/research\/wp-json\/wp\/v2\/pages"}],"about":[{"href":"https:\/\/atelierelms.com\/research\/wp-json\/wp\/v2\/types\/page"}],"author":[{"embeddable":true,"href":"https:\/\/atelierelms.com\/research\/wp-json\/wp\/v2\/users\/1"}],"replies":[{"embeddable":true,"href":"https:\/\/atelierelms.com\/research\/wp-json\/wp\/v2\/comments?post=17"}],"version-history":[{"count":40,"href":"https:\/\/atelierelms.com\/research\/wp-json\/wp\/v2\/pages\/17\/revisions"}],"predecessor-version":[{"id":9593,"href":"https:\/\/atelierelms.com\/research\/wp-json\/wp\/v2\/pages\/17\/revisions\/9593"}],"wp:attachment":[{"href":"https:\/\/atelierelms.com\/research\/wp-json\/wp\/v2\/media?parent=17"}],"curies":[{"name":"wp","href":"https:\/\/api.w.org\/{rel}","templated":true}]}}